{"id":34,"date":"2022-10-13T16:43:00","date_gmt":"2022-10-13T19:43:00","guid":{"rendered":"http:\/\/nixneon.com.br\/?page_id=34"},"modified":"2022-10-14T10:05:40","modified_gmt":"2022-10-14T13:05:40","slug":"inovacao-tecnologica","status":"publish","type":"page","link":"https:\/\/nixneon.com.br\/?page_id=34","title":{"rendered":"Inova\u00e7\u00e3o Tecnol\u00f3gica"},"content":{"rendered":"\n<p><strong>PROJETOS EM 3D<\/strong><\/p>\n\n\n\n<p>Oferecemos aos nossos clientes a simula\u00e7\u00e3o do projeto mais pr\u00f3ximo poss\u00edvel da realidade com simula\u00e7\u00e3o de aplica\u00e7\u00e3o, efeitos 3d em luzes e em objetos. Solicite o seu projeto.<\/p>\n\n\n\n<p><strong>CORTE A LASER<br><\/strong>Nosso sistema de confec\u00e7\u00e3o prima pela fidelidade m\u00e1xima poss\u00edvel, por isso utilizamos, em nossos acr\u00edlicos, o sistema de corte a laser por CNC (*Computer Numeric Control). Garantimos mais brilho no acabamento e consequentemente, maior fidelidade ao projeto proposto.<\/p>\n\n\n\n<figure class=\"wp-block-gallery has-nested-images columns-default is-cropped wp-block-gallery-1 is-layout-flex wp-block-gallery-is-layout-flex\">\n<figure class=\"wp-block-image size-large\"><img loading=\"lazy\" decoding=\"async\" width=\"400\" height=\"400\" data-id=\"88\" src=\"http:\/\/nixneon.com.br\/wp-content\/uploads\/2022\/10\/NEON-LED-EM-CAMPO-GRANDE-NIX-NEON-67-99985-2967-1acrilico.jpg\" alt=\"\" class=\"wp-image-88\" srcset=\"https:\/\/nixneon.com.br\/wp-content\/uploads\/2022\/10\/NEON-LED-EM-CAMPO-GRANDE-NIX-NEON-67-99985-2967-1acrilico.jpg 400w, https:\/\/nixneon.com.br\/wp-content\/uploads\/2022\/10\/NEON-LED-EM-CAMPO-GRANDE-NIX-NEON-67-99985-2967-1acrilico-300x300.jpg 300w, https:\/\/nixneon.com.br\/wp-content\/uploads\/2022\/10\/NEON-LED-EM-CAMPO-GRANDE-NIX-NEON-67-99985-2967-1acrilico-150x150.jpg 150w\" sizes=\"auto, (max-width: 400px) 100vw, 400px\" \/><\/figure>\n\n\n\n<figure class=\"wp-block-image size-large\"><img loading=\"lazy\" decoding=\"async\" width=\"1280\" height=\"720\" data-id=\"86\" src=\"http:\/\/nixneon.com.br\/wp-content\/uploads\/2022\/10\/NEON-LED-EM-CAMPO-GRANDE-NIX-NEON-67-99985-2967-corte-a-laser.webp\" alt=\"\" class=\"wp-image-86\" srcset=\"https:\/\/nixneon.com.br\/wp-content\/uploads\/2022\/10\/NEON-LED-EM-CAMPO-GRANDE-NIX-NEON-67-99985-2967-corte-a-laser.webp 1280w, https:\/\/nixneon.com.br\/wp-content\/uploads\/2022\/10\/NEON-LED-EM-CAMPO-GRANDE-NIX-NEON-67-99985-2967-corte-a-laser-300x169.webp 300w, https:\/\/nixneon.com.br\/wp-content\/uploads\/2022\/10\/NEON-LED-EM-CAMPO-GRANDE-NIX-NEON-67-99985-2967-corte-a-laser-1024x576.webp 1024w, https:\/\/nixneon.com.br\/wp-content\/uploads\/2022\/10\/NEON-LED-EM-CAMPO-GRANDE-NIX-NEON-67-99985-2967-corte-a-laser-768x432.webp 768w\" sizes=\"auto, (max-width: 1280px) 100vw, 1280px\" \/><\/figure>\n<\/figure>\n","protected":false},"excerpt":{"rendered":"<p>PROJETOS EM 3D Oferecemos aos nossos clientes a simula\u00e7\u00e3o do projeto mais pr\u00f3ximo poss\u00edvel da realidade com simula\u00e7\u00e3o de aplica\u00e7\u00e3o, efeitos 3d em luzes e em objetos. Solicite o seu projeto. CORTE A LASERNosso sistema de confec\u00e7\u00e3o prima pela fidelidade m\u00e1xima poss\u00edvel, por isso utilizamos, em nossos acr\u00edlicos, o sistema de corte a laser por &hellip;<\/p>\n<p class=\"read-more\"> <a class=\"\" href=\"https:\/\/nixneon.com.br\/?page_id=34\"> <span class=\"screen-reader-text\">Inova\u00e7\u00e3o Tecnol\u00f3gica<\/span> Read More &raquo;<\/a><\/p>\n","protected":false},"author":1,"featured_media":0,"parent":0,"menu_order":0,"comment_status":"closed","ping_status":"closed","template":"","meta":{"site-sidebar-layout":"default","site-content-layout":"default","ast-global-header-display":"","ast-main-header-display":"","ast-hfb-above-header-display":"","ast-hfb-below-header-display":"","ast-hfb-mobile-header-display":"","site-post-title":"","ast-breadcrumbs-content":"","ast-featured-img":"","footer-sml-layout":"","theme-transparent-header-meta":"","adv-header-id-meta":"","stick-header-meta":"","header-above-stick-meta":"","header-main-stick-meta":"","header-below-stick-meta":"","footnotes":""},"class_list":["post-34","page","type-page","status-publish","hentry"],"_links":{"self":[{"href":"https:\/\/nixneon.com.br\/index.php?rest_route=\/wp\/v2\/pages\/34","targetHints":{"allow":["GET"]}}],"collection":[{"href":"https:\/\/nixneon.com.br\/index.php?rest_route=\/wp\/v2\/pages"}],"about":[{"href":"https:\/\/nixneon.com.br\/index.php?rest_route=\/wp\/v2\/types\/page"}],"author":[{"embeddable":true,"href":"https:\/\/nixneon.com.br\/index.php?rest_route=\/wp\/v2\/users\/1"}],"replies":[{"embeddable":true,"href":"https:\/\/nixneon.com.br\/index.php?rest_route=%2Fwp%2Fv2%2Fcomments&post=34"}],"version-history":[{"count":3,"href":"https:\/\/nixneon.com.br\/index.php?rest_route=\/wp\/v2\/pages\/34\/revisions"}],"predecessor-version":[{"id":89,"href":"https:\/\/nixneon.com.br\/index.php?rest_route=\/wp\/v2\/pages\/34\/revisions\/89"}],"wp:attachment":[{"href":"https:\/\/nixneon.com.br\/index.php?rest_route=%2Fwp%2Fv2%2Fmedia&parent=34"}],"curies":[{"name":"wp","href":"https:\/\/api.w.org\/{rel}","templated":true}]}}